{"id":51,"date":"2018-12-25T13:28:14","date_gmt":"2018-12-25T10:28:14","guid":{"rendered":"http:\/\/temalar5.temadijital.com\/transfer-1\/?page_id=51"},"modified":"2018-12-25T13:28:14","modified_gmt":"2018-12-25T10:28:14","slug":"arac-filomuz","status":"publish","type":"page","link":"http:\/\/bursa-transfer.com\/index.php\/arac-filomuz\/","title":{"rendered":"Ara\u00e7 Filomuz"},"content":{"rendered":"<p>Ara\u00e7 filosu sayfan\u0131z ile m\u00fc\u015fterilerinize t\u00fcm filonuzu detayl\u0131 \u015fekilde sunabilirsiniz ara\u00e7lar\u0131n\u0131z\u0131 sergileyebilirsiniz. Bu sayfada neler yapabilirsiniz;<\/p>\n<ul>\n<li style=\"text-align: left;\">Sayfa ba\u015fl\u0131\u011f\u0131n\u0131 yaz\u0131s\u0131n\u0131 a\u00e7\u0131klamalar\u0131 kod bilginiz olamadan g\u00fcncelleyebilirsiniz <span style=\"color: #0000ff;\">renkli\u00a0 <span style=\"color: #339966;\">yaz\u0131lar <span style=\"color: #ff0000;\">ekleyebilirsiniz<\/span>.<\/span><\/span><\/li>\n<li style=\"text-align: left;\"><span style=\"color: #333333;\">Sayfada bir sayfada ka\u00e7 tane ara\u00e7 listelenmesini belirleyebilrisiniz.<\/span><\/li>\n<li style=\"text-align: left;\">Yukar\u0131daki man\u015fet g\u00f6rselini de\u011fi\u015ftirebilirsiniz<\/li>\n<\/ul>\n","protected":false},"excerpt":{"rendered":"<p>Ara\u00e7 filosu sayfan\u0131z ile m\u00fc\u015fterilerinize t\u00fcm filonuzu detayl\u0131 \u015fekilde sunabilirsiniz ara\u00e7lar\u0131n\u0131z\u0131 sergileyebilirsiniz. Bu sayfada neler yapabilirsiniz; Sayfa ba\u015fl\u0131\u011f\u0131n\u0131 yaz\u0131s\u0131n\u0131 a\u00e7\u0131klamalar\u0131 kod bilginiz olamadan g\u00fcncelleyebilirsiniz renkli\u00a0 yaz\u0131lar ekleyebilirsiniz. Sayfada bir sayfada ka\u00e7 tane ara\u00e7 listelenmesini belirleyebilrisiniz. Yukar\u0131daki man\u015fet g\u00f6rselini de\u011fi\u015ftirebilirsiniz<\/p>\n","protected":false},"author":3,"featured_media":101,"parent":0,"menu_order":0,"comment_status":"closed","ping_status":"closed","template":"template-vehicle.php","meta":[],"_links":{"self":[{"href":"http:\/\/bursa-transfer.com\/index.php\/wp-json\/wp\/v2\/pages\/51"}],"collection":[{"href":"http:\/\/bursa-transfer.com\/index.php\/wp-json\/wp\/v2\/pages"}],"about":[{"href":"http:\/\/bursa-transfer.com\/index.php\/wp-json\/wp\/v2\/types\/page"}],"author":[{"embeddable":true,"href":"http:\/\/bursa-transfer.com\/index.php\/wp-json\/wp\/v2\/users\/3"}],"replies":[{"embeddable":true,"href":"http:\/\/bursa-transfer.com\/index.php\/wp-json\/wp\/v2\/comments?post=51"}],"version-history":[{"count":0,"href":"http:\/\/bursa-transfer.com\/index.php\/wp-json\/wp\/v2\/pages\/51\/revisions"}],"wp:featuredmedia":[{"embeddable":true,"href":"http:\/\/bursa-transfer.com\/index.php\/wp-json\/wp\/v2\/media\/101"}],"wp:attachment":[{"href":"http:\/\/bursa-transfer.com\/index.php\/wp-json\/wp\/v2\/media?parent=51"}],"curies":[{"name":"wp","href":"https:\/\/api.w.org\/{rel}","templated":true}]}}